{"id":2611,"date":"2020-04-15T11:31:10","date_gmt":"2020-04-15T09:31:10","guid":{"rendered":"https:\/\/www.martineblanchart.fr\/?page_id=2611"},"modified":"2020-04-18T11:56:25","modified_gmt":"2020-04-18T09:56:25","slug":"aide-au-confinement","status":"publish","type":"page","link":"https:\/\/www.martineblanchart.fr\/index.php\/aide-au-confinement\/","title":{"rendered":"Aide au confinement"},"content":{"rendered":"<p>[sc_embed_player autoplay=true volume=\u00a0\u00bb15&Prime; preload=\u00a0\u00bbauto\u00a0\u00bb fileurl=\u00a0\u00bbhttps:\/\/www.martineblanchart.fr\/wp-content\/uploads\/2020\/04\/musique_MB.mp3&Prime;]<\/p>\n<blockquote class=\"wp-embedded-content\" data-secret=\"Fmx5Aocd52\"><p><a href=\"https:\/\/www.martineblanchart.fr\/index.php\/presentation-de-la-lecture-en-ligne\/\">Pr\u00e9sentation de la Lecture en ligne<\/a><\/p><\/blockquote>\n<p><iframe loading=\"lazy\" title=\"\u00ab\u00a0Pr\u00e9sentation de la Lecture en ligne\u00a0\u00bb &#8212; MARTINE BLANCHART\" class=\"wp-embedded-content\" sandbox=\"allow-scripts\" security=\"restricted\" style=\"position: absolute; clip: rect(1px, 1px, 1px, 1px);\" src=\"https:\/\/www.martineblanchart.fr\/index.php\/presentation-de-la-lecture-en-ligne\/embed\/#?secret=Fmx5Aocd52\" data-secret=\"Fmx5Aocd52\" width=\"600\" height=\"338\" frameborder=\"0\" marginwidth=\"0\" marginheight=\"0\" scrolling=\"no\"><\/iframe><\/p>\n<blockquote class=\"wp-embedded-content\" data-secret=\"Tpt32owBGx\"><p><a href=\"https:\/\/www.martineblanchart.fr\/index.php\/nestor-episode-1\/\">Nestor \u00e9pisode 1<\/a><\/p><\/blockquote>\n<p><iframe loading=\"lazy\" title=\"\u00ab\u00a0Nestor \u00e9pisode 1\u00a0\u00bb &#8212; MARTINE BLANCHART\" class=\"wp-embedded-content\" sandbox=\"allow-scripts\" security=\"restricted\" style=\"position: absolute; clip: rect(1px, 1px, 1px, 1px);\" src=\"https:\/\/www.martineblanchart.fr\/index.php\/nestor-episode-1\/embed\/#?secret=Tpt32owBGx\" data-secret=\"Tpt32owBGx\" width=\"600\" height=\"338\" frameborder=\"0\" marginwidth=\"0\" marginheight=\"0\" scrolling=\"no\"><\/iframe><\/p>\n<blockquote class=\"wp-embedded-content\" data-secret=\"gTY6PTpynU\"><p><a href=\"https:\/\/www.martineblanchart.fr\/index.php\/nestor-et-son-chien-2e-episode\/\">Nestor et son chien 2e \u00e9pisode<\/a><\/p><\/blockquote>\n<p><iframe loading=\"lazy\" title=\"\u00ab\u00a0Nestor et son chien 2e \u00e9pisode\u00a0\u00bb &#8212; MARTINE BLANCHART\" class=\"wp-embedded-content\" sandbox=\"allow-scripts\" security=\"restricted\" style=\"position: absolute; clip: rect(1px, 1px, 1px, 1px);\" src=\"https:\/\/www.martineblanchart.fr\/index.php\/nestor-et-son-chien-2e-episode\/embed\/#?secret=gTY6PTpynU\" data-secret=\"gTY6PTpynU\" width=\"600\" height=\"338\" frameborder=\"0\" marginwidth=\"0\" marginheight=\"0\" scrolling=\"no\"><\/iframe><\/p>\n","protected":false},"excerpt":{"rendered":"<p>[sc_embed_player autoplay=true volume=\u00a0\u00bb15&Prime; preload=\u00a0\u00bbauto\u00a0\u00bb fileurl=\u00a0\u00bbhttps:\/\/www.martineblanchart.fr\/wp-content\/uploads\/2020\/04\/musique_MB.mp3&Prime;] Pr\u00e9sentation de la Lecture en ligne Nestor \u00e9pisode 1 Nestor et son chien 2e \u00e9pisode<\/p>\n","protected":false},"author":1,"featured_media":0,"parent":0,"menu_order":0,"comment_status":"closed","ping_status":"closed","template":"","meta":{"footnotes":""},"class_list":["post-2611","page","type-page","status-publish","hentry"],"_links":{"self":[{"href":"https:\/\/www.martineblanchart.fr\/index.php\/wp-json\/wp\/v2\/pages\/2611","targetHints":{"allow":["GET"]}}],"collection":[{"href":"https:\/\/www.martineblanchart.fr\/index.php\/wp-json\/wp\/v2\/pages"}],"about":[{"href":"https:\/\/www.martineblanchart.fr\/index.php\/wp-json\/wp\/v2\/types\/page"}],"author":[{"embeddable":true,"href":"https:\/\/www.martineblanchart.fr\/index.php\/wp-json\/wp\/v2\/users\/1"}],"replies":[{"embeddable":true,"href":"https:\/\/www.martineblanchart.fr\/index.php\/wp-json\/wp\/v2\/comments?post=2611"}],"version-history":[{"count":22,"href":"https:\/\/www.martineblanchart.fr\/index.php\/wp-json\/wp\/v2\/pages\/2611\/revisions"}],"predecessor-version":[{"id":2694,"href":"https:\/\/www.martineblanchart.fr\/index.php\/wp-json\/wp\/v2\/pages\/2611\/revisions\/2694"}],"wp:attachment":[{"href":"https:\/\/www.martineblanchart.fr\/index.php\/wp-json\/wp\/v2\/media?parent=2611"}],"curies":[{"name":"wp","href":"https:\/\/api.w.org\/{rel}","templated":true}]}}