{"id":2761,"date":"2020-10-15T14:33:55","date_gmt":"2020-10-15T12:33:55","guid":{"rendered":"https:\/\/www.martineblanchart.fr\/?post_type=product&#038;p=2761"},"modified":"2020-10-15T14:39:37","modified_gmt":"2020-10-15T12:39:37","slug":"mystere-au-pays-du-soleil-levant","status":"publish","type":"product","link":"https:\/\/www.martineblanchart.fr\/index.php\/produit\/mystere-au-pays-du-soleil-levant\/","title":{"rendered":"Myst\u00e8re au Pays du Soleil Levant"},"content":{"rendered":"<p><img loading=\"lazy\" decoding=\"async\" class=\"alignnone size-medium wp-image-2763\" src=\"https:\/\/www.martineblanchart.fr\/wp-content\/uploads\/2020\/10\/2FFDA24B-563B-4E26-AD04-8682C9774642-203x300.jpeg\" alt=\"\" width=\"203\" height=\"300\" srcset=\"https:\/\/www.martineblanchart.fr\/wp-content\/uploads\/2020\/10\/2FFDA24B-563B-4E26-AD04-8682C9774642-203x300.jpeg 203w, https:\/\/www.martineblanchart.fr\/wp-content\/uploads\/2020\/10\/2FFDA24B-563B-4E26-AD04-8682C9774642-694x1024.jpeg 694w, https:\/\/www.martineblanchart.fr\/wp-content\/uploads\/2020\/10\/2FFDA24B-563B-4E26-AD04-8682C9774642-768x1133.jpeg 768w, https:\/\/www.martineblanchart.fr\/wp-content\/uploads\/2020\/10\/2FFDA24B-563B-4E26-AD04-8682C9774642-1041x1536.jpeg 1041w, https:\/\/www.martineblanchart.fr\/wp-content\/uploads\/2020\/10\/2FFDA24B-563B-4E26-AD04-8682C9774642-1388x2048.jpeg 1388w, https:\/\/www.martineblanchart.fr\/wp-content\/uploads\/2020\/10\/2FFDA24B-563B-4E26-AD04-8682C9774642-1140x1682.jpeg 1140w, https:\/\/www.martineblanchart.fr\/wp-content\/uploads\/2020\/10\/2FFDA24B-563B-4E26-AD04-8682C9774642-600x885.jpeg 600w, https:\/\/www.martineblanchart.fr\/wp-content\/uploads\/2020\/10\/2FFDA24B-563B-4E26-AD04-8682C9774642-scaled.jpeg 1735w\" sizes=\"auto, (max-width: 203px) 100vw, 203px\" \/><\/p>\n","protected":false},"excerpt":{"rendered":"<p><img loading=\"lazy\" decoding=\"async\" class=\"alignnone size-medium wp-image-2763\" src=\"https:\/\/www.martineblanchart.fr\/wp-content\/uploads\/2020\/10\/2FFDA24B-563B-4E26-AD04-8682C9774642-203x300.jpeg\" alt=\"\" width=\"203\" height=\"300\" srcset=\"https:\/\/www.martineblanchart.fr\/wp-content\/uploads\/2020\/10\/2FFDA24B-563B-4E26-AD04-8682C9774642-203x300.jpeg 203w, https:\/\/www.martineblanchart.fr\/wp-content\/uploads\/2020\/10\/2FFDA24B-563B-4E26-AD04-8682C9774642-694x1024.jpeg 694w, https:\/\/www.martineblanchart.fr\/wp-content\/uploads\/2020\/10\/2FFDA24B-563B-4E26-AD04-8682C9774642-768x1133.jpeg 768w, https:\/\/www.martineblanchart.fr\/wp-content\/uploads\/2020\/10\/2FFDA24B-563B-4E26-AD04-8682C9774642-1041x1536.jpeg 1041w, https:\/\/www.martineblanchart.fr\/wp-content\/uploads\/2020\/10\/2FFDA24B-563B-4E26-AD04-8682C9774642-1388x2048.jpeg 1388w, https:\/\/www.martineblanchart.fr\/wp-content\/uploads\/2020\/10\/2FFDA24B-563B-4E26-AD04-8682C9774642-1140x1682.jpeg 1140w, https:\/\/www.martineblanchart.fr\/wp-content\/uploads\/2020\/10\/2FFDA24B-563B-4E26-AD04-8682C9774642-600x885.jpeg 600w, https:\/\/www.martineblanchart.fr\/wp-content\/uploads\/2020\/10\/2FFDA24B-563B-4E26-AD04-8682C9774642-scaled.jpeg 1735w\" sizes=\"auto, (max-width: 203px) 100vw, 203px\" \/>Myst\u00e8re et d\u00e9paysement pour cette nouvelle enqu\u00eate qui va une nouvelle fois r\u00e9unir Ama et Clovis<\/p>\n","protected":false},"featured_media":0,"comment_status":"open","ping_status":"closed","template":"","meta":[],"product_cat":[19,17],"product_tag":[22],"class_list":["post-2761","product","type-product","status-publish","hentry","product_cat-contes-grands-enfants","product_cat-livres","product_tag-mystere"],"_links":{"self":[{"href":"https:\/\/www.martineblanchart.fr\/index.php\/wp-json\/wp\/v2\/product\/2761","targetHints":{"allow":["GET"]}}],"collection":[{"href":"https:\/\/www.martineblanchart.fr\/index.php\/wp-json\/wp\/v2\/product"}],"about":[{"href":"https:\/\/www.martineblanchart.fr\/index.php\/wp-json\/wp\/v2\/types\/product"}],"replies":[{"embeddable":true,"href":"https:\/\/www.martineblanchart.fr\/index.php\/wp-json\/wp\/v2\/comments?post=2761"}],"wp:attachment":[{"href":"https:\/\/www.martineblanchart.fr\/index.php\/wp-json\/wp\/v2\/media?parent=2761"}],"wp:term":[{"taxonomy":"product_cat","embeddable":true,"href":"https:\/\/www.martineblanchart.fr\/index.php\/wp-json\/wp\/v2\/product_cat?post=2761"},{"taxonomy":"product_tag","embeddable":true,"href":"https:\/\/www.martineblanchart.fr\/index.php\/wp-json\/wp\/v2\/product_tag?post=2761"}],"curies":[{"name":"wp","href":"https:\/\/api.w.org\/{rel}","templated":true}]}}